)/(-6))/(d/(-6628)) composite?
False
Let j = 13 - -8. Is 20010/j + (-3)/(-21) prime?
True
Suppose -s + 105287 = 3*h, -4*s + 2*s = 2*h - 70186. Is h prime?
False
Suppose 0 = 7*b + b - 14104. Let f = 6334 - b. Is f composite?
True
Suppose -48*v + 51*v - 339 = 0. Is v prime?
True
Let c = -10508 - -27585. Is c composite?
False
Let w(g) = g**3 + 3*g**2 + 14*g + 47. Is w(17) a composite number?
True
Let o(z) = 45*z**2 - 45*z + 313. Is o(7) composite?
False
Let s(i) = 13*i**3 + i**2 + 1. Let n be s(4). Suppose -1078 = -5*u - 3*p, 4*p = 4*u - n - 39. Is u prime?
False
Let s = 367 + 520. Is s a composite number?
False
Suppose 0 = -5*t - 3*n - 0*n + 18, -3*t + 10 = n. Let w = t - 3. Suppose -5*y + 566 + 699 = w. Is y composite?
True
Is 11619/63 + (-20)/(-35) prime?
False
Suppose -2*v + 1199 = 5*p, -9*p - 4*v - 231 = -10*p. Is p a prime number?
True
Let o = -19 - -251. Let u = o + -83. Is u composite?
False
Suppose 2*c = 2*f - 304, f + c - 3*c = 155. Suppose -2*m - 3*s = -623, 2*m - 775 = -4*s - f. Is m a prime number?
True
Suppose 3 = c + 4*p, 5*p - 48 = -4*c + p. Suppose -3*z + 0*y - c = -3*y, 4*z + 2*y - 10 = 0. Suppose -5*o + 395 = -z*o. Is o composite?
False
Is (-3)/(-15) - 19/(950/(-352240)) a prime number?
False
Let z(q) = 7*q**2 + 11*q + 9. Let k be z(-4). Let g = k - 43. Is g prime?
False
Suppose -56183 - 305514 = -7*v. Is v a composite number?
True
Is -2*21/(-14)*(-1042)/(-6) a composite number?
False
Let b = -9225 + 25040. Is b a composite number?
True
Is (-5 + 3)*-737 + (-3)/1 a composite number?
False
Let d(v) = 3*v - 6. Suppose 0 = -4*q - s + 3*s + 8, 4*q + 5*s - 8 = 0. Let g be d(q). Suppose 21*l - 23*l + 1438 = g. Is l prime?
True
Suppose -4*k - x - 7 = 48, 5*k + 71 = x. Let y be 470/(-4) + (-7)/k. Let q = 176 + y. Is q a composite number?
False
Let p(g) be the first derivative of 10*g**3 + g - 26. Is p(-1) composite?
False
Suppose 6*q + 5*w + 37575 = 11*q, -3*q - 3*w = -22533. Is q composite?
True
Let y be (-1)/((-3)/21 + 0). Suppose 0 = -3*c + y*c - 92. Suppose 2*n - n - c = 0. Is n composite?
False
Let m be 8/(-12)*(-204)/(-8). Suppose -501 + 69 = -3*x. Let o = m + x. Is o prime?
True
Let w be (-4)/(-1 + (-3 - -2)). Suppose 10 = -4*g - w. Let h(v) = 9*v**2 - v - 2. Is h(g) a prime number?
False
Let n(x) be the second derivative of x**4/2 + 7*x**3/6 - x**2 - 7*x. Let o be n(-5). Suppose -l = 2*c - o, -4*l + 45 = -4*c - 395. Is l composite?
True
Is (-9)/(-45)*61405*(3 - 2) a prime number?
True
Is (34/(-4))/(15/(-17069 - 1)) a composite number?
True
Let y be -3*(-8)/(-12)*-1111. Suppose -y - 2790 = -4*g. Is g a composite number?
True
Suppose -i + 4*i - 2*d - 8789 = 0, 0 = 3*i + 3*d - 8814. Is i composite?
True
Suppose 0 = 3*d - 5*v - 80, -3*v + 120 = 3*d - 0*v. Let z = -38 + d. Is -2*z/(12/164) prime?
False
Let a be (-22 + 32)*436/5. Suppose a = v + 189. Is v prime?
True
Let p(w) = -2*w**3 + 2*w**2 - w + 48017. Is p(0) a composite number?
False
Suppose 5*a + 204 + 53 = -2*p, 0 = -3*p + 12. Is a/(4/204*-3) a prime number?
False
Let c(a) = a**2 - 9*a + 4. Let k be c(11). Suppose -3*l = 4*y - 577, -2*l + 3*y + 405 = k. Is l composite?
False
Let d = 18034 - 7853. Is d prime?
True
Let h = -53 - -51. Is ((-1772)/6)/(h/3) prime?
True
Suppose 13179 + 44284 = 7*r. Is r a composite number?
False
Suppose -72582 = -2*t + 4*d, -11*d + 72583 = 2*t - 14*d. Is t composite?
False
Suppose -a = -6 + 8. Is -6 + 2611 + (2 - a) prime?
True
Let m = 32337 + -21778. Is m a prime number?
True
Let h(o) = 8*o**3 - 7*o**2 - 53*o - 45. Is h(11) a composite number?
False
Is ((-740)/12 - 2)/((-1)/69) composite?
True
Let m(i) = i**2 + 9*i + 6. Let h be m(-6). Let s be ((-138)/(-10))/((-4)/(-80)*-4). Is (s/h)/(6/120) a composite number?
True
Let a be 11/((-33)/18) - -3. Is 10 - -154 - a/(-1) composite?
True
Suppose -3*o - 2*g + 7499 = 0, 0 = -9*o + 4*o - 5*g + 12505. Is o composite?
True
Suppose 3787 + 4655 = 14*d. Suppose -i + 146 + 31 = -4*k, 5*k = -4*i + d. Is i a composite number?
False
Let j(d) = 19*d**2 + 12*d + 9. Let a = 27 + -32. Let m(t) = 19*t**2 + 12*t + 10. Let z(u) = a*m(u) + 6*j(u). Is z(-5) prime?
True
Is (2238/24)/(13/156) prime?
False
Let x(f) = 3 + 5*f**3 - 3*f - 15*f**3 - 3*f**2 + 9*f**3. Let d be x(-3). Suppose -4*b + 16 + d = 0. Is b a prime number?
True
Let g(t) = 260*t - 1. Let l be g(1). Let b(i) = 28*i + 2. Let q be b(-4). Let k = q + l. Is k composite?
False
Suppose 9*w - 15 = 21. Suppose 4*n = 5*v + 62, -w*v - 10 = -2. Suppose 18*m = n*m + 455. Is m a prime number?
False
Suppose -5*k + 2*c = 331, -4*k = -9*k - 2*c - 339. Let o = 12 - k. Is o a composite number?
False
Let u(i) = -i - 13. Let r be u(-13). Suppose -5*a + a + 20 = r. Suppose 7*p - a*p - 28 = 0. Is p a composite number?
True
Let y(w) = w**2 - w. Suppose -j - 7 = -9. Let a be y(j). Suppose -37 = a*h - 195. Is h a prime number?
True
Let h be 2/(-4) + 52/8. Suppose -h = -i - 2. Is i + (402 + -3 - 2) a composite number?
False
Is (7/((-84)/64326))/((-3)/6) a prime number?
False
Let v(o) = -2*o**2 + 39*o + 8. Let m be v(19). Is 1/3 - (-15570)/m prime?
True
Let j be (1 + 9)/(2/(-2)). Is 1 + 1 - (j - 31) prime?
True
Let h be (-8739)/(-6)*14/21. Let v be h + 1 + (1 - 5). Suppose 3*r = 5*y + 1252, -2*r + v = -y + 131. Is r a composite number?
False
Let m = 949 + -642. Is m a prime number?
True
Suppose -10*c - 22332 = -12*c. Suppose u = -5*u + c. Is u a composite number?
False
Suppose -5*w + 6020 = 5*y, 1519 = 2*y + w - 891. Suppose 0 = 2*p, -5*n + 8891 - y = 2*p. Is n a composite number?
True
Let j = 5656 + -1809. Is j a prime number?
True
Suppose -7*f - 12 = -9*f. Suppose -4*r + 3*l + f = 5*l, 0 = l - 3. Suppose r = -5*q + q + 212. Is q composite?
False
Suppose 10*n + 89799 - 663929 = 0. Is n prime?
True
Let h be 19/(-3) + 2/(-3). Let i(g) = -g**3 - 8*g**2 - 9*g - 10. Let x be i(h). Is x/4*(3 - 1) prime?
True
Let v = 6 - -9. Suppose 7375 = v*f - 10*f. Suppose -5*l + a = -3*a - f, 2*a = 3*l - 887. Is l prime?
False
Suppose -3*j = -t + 48509, -35*j + 37*j + 145499 = 3*t. Is t a prime number?
True
Let c(t) = 2 + 32*t**3 - 1 + t + 3*t**2 - 2*t. Is c(2) composite?
True
Suppose 24221 = 5*y + 1386. Is y composite?
False
Suppose 2 = 3*p + 26. Let f(w) = -4*w**3 - 2*w**2 + 6*w + 1. Let a(x) = 11*x**3 + 7*x**2 - 18*x - 3. Let k(j) = -3*a(j) - 8*f(j). Is k(p) prime?
False
Suppose 22247 = 5*u - 2*q, 6*q + 5427 + 7926 = 3*u. Is u prime?
False
Suppose -4*v = -2*v - 2. Let l be (v + -5)*(-21)/28. Let b = l - -34. Is b a prime number?
True
Suppose 2*x - 3363 = -x. Suppose -4*z = -4523 - x. Is z composite?
True
Let z(q) = 154*q + 69. Is z(7) a composite number?
True
Let o(z) = -1620*z - 19. Is o(-2) a prime number?
True
Let s be (3 - (0 - -1))/(2/9). Suppose -p = -4*w + 333, -w + s*p + 88 = 4*p. Is w prime?
True
Let t = 14 + -12. Suppose -w - w = t. Let h = w - -114. Is h composite?
False
Suppose 2*s - 34 = -3*s - 4*z, -s + z = -5. Suppose s*o = o + 2235. Suppose 5*d = 2*d + o. Is d prime?
True
Let n = -10590 + 23939. Is n a prime number?
False
Suppose 0 = j - 4*j. Suppose -f + 5*i + 1916 = j, -f + 5*f - 7709 = 5*i. Is f a prime number?
True
Suppose 10*v + 7515 = 5*v. Let z = v - -3020. Is z composite?
True
Suppose 11*r - 28460 = r. Is r a prime number?
False
Suppose -2*c = -5*v + 10089 + 9076, -2*v + 7666 = -3*c. Is v composite?
False
Let m be 195/4 - (-13)/52. Let p = m - 18. Is p prime?
True
Suppose 4 = -4*b + 24. Suppose 0*p - b*p = 25, -p - 5 = n. Suppose m - h - 170 = -m, 3*h = n. Is m a composite number?
True
Suppose w + 3*f = 14695, 5*w - 12018 = -4*f + 61413. Is w a prime number?
True
Suppose 0 = 5*d - 7 - 8. Suppose 5*p - f - 329 = -100, 5*p + d*f = 233. Let q = p - -19. Is q a composite number?
True
Let c be 51/18 + (-1)/(-6). Suppose 3*t = 3, f + 3 + 2 = c*t. Let k(b) = -45*b**3 + b**2 + 4*b + 3. Is k(f) a composite number?
False
Let n(w) = 4*w**2 - 19*w - 34. Is n(-13) prime?
False
Let m = -151530 - -213691. Is m composite?
True
Suppose 4*z + 36 = 8*z. Let a be (-1827)/1 - (-2 - 1). Is (-1)/(-3) - a/z a composite number?
True
Suppose -4*b - 13 = 5*o - 38, -o = 4*b - 5. Let j be (-1)/2*(3 + -1855). Suppose b = 5*a - j + 36. Is a prime?
False
Suppose 22791 = 5*v - 2*y, 0 = v + y + 415 - 4976. Is v composite?
True
Let n = -50625 + 71714. Is n a prime number?
True
Let r = -11766 + 17467. Is r p